divided by 516?
270
Calculate the remainder when 7065 is divided by 322.
303
Calculate the remainder when 5741 is divided by 818.
15
What is the remainder when 20963 is divided by 238?
19
Calculate the remainder when 14218 is divided by 1092.
22
Calculate the remainder when 1749 is divided by 820.
109
What is the remainder when 1388 is divided by 55?
13
What is the remainder when 198072 is divided by 97?
95
Calculate the remainder when 63933 is divided by 444.
441
What is the remainder when 10294 is divided by 3397?
103
What is the remainder when 1219582 is divided by 48?
46
Calculate the remainder when 5350 is divided by 80.
70
Calculate the remainder when 81208 is divided by 40603.
2
Calculate the remainder when 178112 is divided by 63.
11
What is the remainder when 24762 is divided by 8252?
6
What is the remainder when 73015 is divided by 90?
25
Calculate the remainder when 164890 is divided by 151.
149
What is the remainder when 82896 is divided by 9?
6
What is the remainder when 10585 is divided by 1926?
955
What is the remainder when 313212 is divided by 44739?
39
What is the remainder when 4539597 is divided by 20?
17
What is the remainder when 51731 is divided by 18?
17
Calculate the remainder when 322305 is divided by 84.
81
Calculate the remainder when 176275 is divided by 1695.
1690
Calculate the remainder when 608123 is divided by 87.
80
Calculate the remainder when 1986 is divided by 496.
2
Calculate the remainder when 828 is divided by 273.
9
Calculate the remainder when 775 is divided by 8.
7
What is the remainder when 1157 is divided by 188?
29
Calculate the remainder when 1815 is divided by 896.
23
What is the remainder when 32931 is divided by 336?
3
Calculate the remainder when 2504252 is divided by 8.
4
Calculate the remainder when 4944 is divided by 17.
14
What is the remainder when 5057 is divided by 195?
182
What is the remainder when 9595 is divided by 872?
3
Calculate the remainder when 1829 is divided by 872.
85
Calculate the remainder when 9781 is divided by 105.
16
Calculate the remainder when 8200 is divided by 68.
40
Calculate the remainder when 1294 is divided by 74.
36
What is the remainder when 1084 is divided by 1067?
17
What is the remainder when 18820 is divided by 348?
28
Calculate the remainder when 295 is divided by 46.
19
What is the remainder when 22511 is divided by 24?
23
What is the remainder when 34332 is divided by 27?
15
What is the remainder when 22086 is divided by 962?
922
What is the remainder when 1397 is divided by 1393?
4
What is the remainder when 10812 is divided by 44?
32
What is the remainder when 1325 is divided by 298?
133
Calculate the remainder when 25149 is divided by 49.
12
What is the remainder when 2781 is divided by 715?
636
What is the remainder when 309808 is divided by 292?
288
Calculate the remainder when 6365 is divided by 1440.
605
Calculate the remainder when 17672 is divided by 178.
50
What is the remainder when 34186 is divided by 34177?
9
What is the remainder when 15926 is divided by 187?
31
Calculate the remainder when 2206 is divided by 2173.
33
Calculate the remainder when 7981 is divided by 286.
259
What is the remainder when 920697 is divided by 75?
72
Calculate the remainder when 225987 is divided by 405.
402
What is the remainder when 13633 is divided by 26?
9
Calculate the remainder when 2377 is divided by 2357.
20
What is the remainder when 2188 is divided by 261?
100
Calculate the remainder when 133464 is divided by 161.
156
What is the remainder when 3316 is divided by 546?
40
Calculate the remainder when 3275800 is divided by 14.
10
Calculate the remainder when 637907 is divided by 70.
67
What is the remainder when 11791 is divided by 358?
335
What is the remainder when 28318 is divided by 3484?
446
What is the remainder when 10088 is divided by 102?
92
What is the remainder when 2996 is divided by 2900?
96
Calculate the remainder when 2575 is divided by 18.
1
Calculate the remainder when 72606 is divided by 36.
30
Calculate the remainder when 2493 is divided by 138.
9
What is the remainder when 21197 is divided by 1108?
145
Calculate the remainder when 11333 is divided by 8.
5
Calculate the remainder when 1679515 is divided by 1306.
1305
What is the remainder when 23220 is divided by 414?
36
What is the remainder when 178729 is divided by 610?
609
What is the remainder when 40063 is divided by 15?
13
Calculate the remainder when 184183 is divided by 262.
259
What is the remainder when 6837 is divided by 52?
25
What is the remainder when 182891 is divided by 167?
26
What is the remainder when 29436 is divided by 38?
24
Calculate the remainder when 25472 is divided by 94.
92
What is the remainder when 3794 is divided by 24?
2
What is the remainder when 14305 is divided by 47?
17
Calculate the remainder when 47735 is divided by 434.
429
What is the remainder when 5304 is divided by 356?
320
What is the remainder when 37660 is divided by 150?
10
What is the remainder when 971 is divided by 968?
3
Calculate the remainder when 6217 is divided by 339.
115
Calculate the remainder when 1781 is divided by 113.
86
What is the remainder when 965438 is divided by 20?
18
Calculate the remainder when 81539 is divided by 40742.
55
What is the remainder when 4777560 is divided by 249?
246
Calculate the remainder when 5924 is divided by 5825.
99
What is the remainder when 20067 is divided by 1119?
1044
Calculate the remainder when 73864 is divided by 6714.
10
What is the remainder when 129083 is divided by 93?
92
What is the remainder when 4669650 is divided by 356?
354
Calculate the remainder when 3376 is divided by 670.
26
Calculate the remainder when 344548 is divided by 6.
4
Calculate the remainder when 57258 is divided by 57253.
5
Calculate the remainder when 2735 is divided by 2384.
351
What is the remainder when 1322 is divided by 643?
36
Calculate the remainder when 9080 is divided by 393.
41
What is the remainder when 806516 is divided by 268822?
50
Calculate the remainder when 4732 is divided by 3239.
1493
Calculate the remainder when 41697 is divided by 41680.
17
Calculate the remainder when 169 is divided by 140.
29
What is the remainder when 4623 is divided by 111?
72
Calculate the remainder when 308 is divided by 127.
54
Calculate the remainder when 9402 is divided by 453.
342
Calculate the remainder when 38218 is divided by 279.
274
Calculate the remainder when 509338 is divided by 653.
651
Calculate the remainder when 9322 is divided by 9319.
3
Calculate the remainder when 57673 is divided by 267.
1
Calculate the remainder when 33735 is divided by 16859.
17
Calculate the remainder when 156035 is divided by 40.
35
Calculate the remainder when 365465 is divided by 1128.
1121
What is the remainder when 772009 is divided by 9?
7
What is the remainder when 2349 is divided by 573?
57
Calculate the remainder when 631 is divided by 212.
207
What is the remainder when 18849 is divided by 58?
57
Calculate the remainder when 56046 is divided by 174.
18
What is the remainder when 859139 is divided by 387?
386
What is the remainder when 19779 is divided by 398?
277
Calculate the remainder when 88535 is divided by 22129.
19
What is the remainder when 5714 is divided by 569?
24
Calculate the remainder when 32993 is divided by 282.
281
Calculate the remainder when 12252 is divided by 12223.
29
What is the remainder when 2621 is divided by 1302?
17
Calculate the remainder when 7134 is divided by 406.
232
What is the remainder when 116354 is divided by 14544?
2
What is the remainder when 5959 is divided by 80?
39
What is the remainder when 1157307 is divided by 63?
60
What is the remainder when 179675 is divided by 89835?
5
Calculate the remainder when 29560 is divided by 931.
699
What is the remainder when 74291 is divided by 74289?
2
What is the remainder when 109514 is divided by 351?
2
Calculate the remainder when 98270 is divided by 158.
152
Calculate the remainder when 21384 is divided by 13.
12
Calculate the remainder when 30986 is divided by 159.
140
Calculate the remainder when 77682 is divided by 3698.
24
What is the remainder when 52629 is divided by 13155?
9
What is the remainder when 181 is divided by 143?
38
What is the remainder when 2528 is divided by 4